 957. Determine x(-57).
45
Let w(i) = -2*i**3 + 1168*i**2 - 4638*i - 912. What is w(580)?
248
Let d(f) = -4*f**3 + 566*f**2 - 1377*f - 1810. Determine d(139).
-3
Let f(h) = 2570*h - 907210. Determine f(353).
0
Let i(c) = 12479*c + 63160. Give i(-5).
765
Let j(v) = -3*v**2 - 8908*v + 152303. Determine j(17).
0
Let r(v) = 5*v**2 + 2563*v + 32322. Calculate r(-13).
-152
Let c(o) = -3114*o - 21262. Determine c(-7).
536
Let h(w) = 37*w**2 - 3314*w + 1859. Calculate h(89).
-10
Let k(t) = 3152*t**2 + 31508*t - 98. What is k(-10)?
22
Let i(r) = 100*r - 349. Give i(4).
51
Let o(a) = 103841*a + 415290. What is o(-4)?
-74
Let g(v) = 11*v**3 + 482*v**2 - 50*v + 1827. Calculate g(-44).
155
Let n(o) = 3*o**3 + 189*o**2 + 7*o + 236. What is n(-63)?
-205
Let f(p) = -6410*p + 44787. Give f(7).
-83
Let t(r) = 1744*r + 1768. Give t(-1).
24
Let m(b) = 21*b**2 + 1051*b - 5264. Give m(5).
516
Let u(z) = 1006*z + 1203174. Determine u(-1196).
-2
Let r(j) = -3245*j + 68557. Determine r(21).
412
Let m(i) = -10340*i + 61989. Calculate m(6).
-51
Let u(k) = -8*k**2 + 156*k + 189. Give u(20).
109
Let n(u) = 4*u**2 - 168*u - 2867. Determine n(-13).
-7
Let i(u) = -2*u**3 + 8*u**2 + 22*u - 56. Give i(8).
-392
Let w(b) = -355*b - 6812. Determine w(-19).
-67
Let b(n) = 2*n**3 + 38*n**2 + 253*n + 13. Determine b(-10).
-717
Let h(b) = 97*b - 1116. Calculate h(13).
145
Let c(d) = 539*d**2 - 48*d + 11. What is c(0)?
11
Let o(h) = 1488*h - 49116. What is o(33)?
-12
Let k(d) = -11*d**2 + 270*d - 221. What is k(20)?
779
Let h(f) = 3859*f - 258577. Determine h(67).
-24
Let y(w) = -w**3 - 18*w**2 - 485*w - 9221. Determine y(-19).
355
Let q(a) = 64*a**2 + 1027*a - 102. Determine q(-16).
-150
Let t(o) = 432163*o + 2592951. Calculate t(-6).
-27
Let g(z) = 22*z**2 + 2*z - 159. What is g(8)?
1265
Let z(i) = 3*i**2 + 536*i + 8552. Give z(-18).
-124
Let i(f) = 576*f - 25334. Determine i(44).
10
Let b(x) = x**3 - 182*x**2 - 2955*x + 261. Determine b(197).
261
Let w(n) = -754*n - 3787. Give w(-4).
-771
Let n(z) = 2*z**3 - 185*z**2 - 2730*z + 245242. Calculate n(93).
1
Let n(j) = -4*j**3 + 134*j**2 + 71*j - 99. What is n(34)?
3
Let f(d) = d**3 + 52*d**2 + 141*d + 1022. What is f(-50)?
-1028
Let y(v) = 3*v**3 + 30*v**2 - 890*v + 159. What is y(-23)?
-2
Let d(f) = 5*f**2 - 94233*f - 2169993. Give d(-23).
11
Let u(m) = -3209*m - 20472. Calculate u(-7).
1991
Let h(y) = -4314*y + 42264. Calculate h(9).
3438
Let z(d) = -2*d**3 + 74*d**2 + 36*d + 1532. Calculate z(38).
12
Let v(t) = 2*t**3 - 32*t**2 + 47*t - 1. Calculate v(16).
751
Let z(k) = 3303*k - 181663. Give z(55).
2
Let x(q) = 2*q**2 - 28521*q + 256582. What is x(9)?
55
Let a(d) = 79*d - 3551. Determine a(39).
-470
Let i(t) = -4444*t - 13329. Determine i(-3).
3
Let p(q) = 175*q + 5852. Determine p(-35).
-273
Let c(t) = -t**2 + 122*t - 3819. Give c(53).
-162
Let f(k) = -148604*k - 2377667. Calculate f(-16).
-3
Let g(k) = -90*k**2 - 831*k + 41. Calculate g(-9).
230
Let v(r) = 998*r**2 - 109*r - 6. Give v(-1).
1101
Let x(d) = -d**2 + 10709*d + 85742. Determine x(-8).
6
Let m(r) = 32*r**3 + r**2 - 17*r - 63. Calculate m(0).
-63
Let o(g) = -251*g + 5283. Calculate o(21).
12
Let g(a) = -a**3 - 51*a**2 - 406*a - 237. What is g(-38)?
-3581
Let y(i) = 201*i**2 + 56483*i + 538. Calculate y(-281).
-24
Let l(y) = -2*y**3 - 159*y**2 + 625*y + 30917. Calculate l(-81).
-25
Let m(o) = -79*o**3 - 3*o**2 + 641*o - 2. Give m(0).
-2
Let c(v) = v**2 + 9074*v + 45391. Give c(-5).
46
Let c(i) = -30*i + 1521. Calculate c(47).
111
Let w(r) = -3520*r + 1066534. What is w(303)?
-26
Let y(g) = 3*g**3 + 31*g**2 + 29*g + 284. Determine y(-12).
-784
Let m(y) = 53208*y - 15802772. Determine m(297).
4
Let a(s) = -12*s**2 + 737*s - 4278. Calculate a(55).
-43
Let k(a) = 142*a + 1695. What is k(-12)?
-9
Let p(k) = 1629*k + 125181. Determine p(-77).
-252
Let h(y) = 27*y**2 - 357*y - 2973. Give h(19).
-9
Let z(w) = 9107*w - 1675742. What is z(184)?
-54
Let o(b) = b**3 + 57*b**2 + 46*b - 541. What is o(-56)?
19
Let h(p) = -135*p**3 - 1981*p**2 - 2931*p + 94. Calculate h(-13).
3
Let z(n) = -n**2 - 44*n - 431. Determine z(-17).
28
Let k(v) = 3*v**3 + 41*v**2 - 125*v - 210. Determine k(-16).
-2
Let y(i) = 2*i - 239. Calculate y(81).
-77
Let s(h) = 1256*h + 705869. Calculate s(-562).
-3
Let d(n) = -2*n**3 - 48*n**2 + 234*n + 371. Give d(-28).
91
Let i(x) = 10*x**3 - 67*x**2 + 171*x - 1179. Give i(7).
165
Let y(l) = -27789*l - 3529215. Give y(-127).
-12
Let t(m) = -1428*m - 375566. Give t(-263).
-2
Let m(x) = x**3 - x**2 - 876*x + 1419. Calculate m(0).
1419
Let q(x) = -x**3 - 2*x**2 + 9*x + 149. Calculate q(-10).
859
Let p(w) = -2847*w + 28296. Determine p(10).
-174
Let g(l) = -2*l**3 - 10*l**2 + 273*l + 2229. What is g(-8)?
429
Let w(n) = -512*n + 44. Give w(0).
44
Let h(y) = -199*y + 2125. Calculate h(14).
-661
Let f(h) = -37*h**2 - 303*h - 593. Calculate f(-5).
-3
Let p(n) = -n**2 - 36*n + 1482. Give p(-53).
581
Let k(h) = h**3 + 14*h**2 - 47*h + 176. Calculate k(-18).
-274
Let t(d) = 902589*d + 2707754. Calculate t(-3).
-13
Let a(m) = -409*m**2 + 5*m - 1. Determine a(1).
-405
Let v(n) = n**3 + 410*n**2 + 10683*n - 363. Calculate v(-28).
1
Let t(r) = -r**3 + 199*r**2 + 438*r - 7228. Determine t(201).
8
Let p(q) = -2*q**3 + 18*q**2 + 88*q + 45. Calculate p(14).
-683
Let l(j) = -50*j**2 + 951*j + 2126. What is l(-2)?
24
Let k(a) = 1287*a - 193053. Calculate k(150).
-3
Let j(c) = -c**3 + 106*c**2 + 1300*c - 1546. Give j(117).
-25
Let c(y) = -y**2 + 941*y + 72977. Give c(-72).
41
Let w(s) = 15*s**3 + 3*s**2 - 81*s - 252. Give w(-3).
-387
Let i(g) = 538*g - 150673. Calculate i(280).
-33
Let g(p) = 58*p**3 + 13*p**2 - 124*p - 394. Determine g(-3).
-1471
Let n(j) = -54391*j + 3753014. What is n(69)?
35
Let m(g) = 2*g**2 - g + 4. Determine m(-1).
7
Let b(q) = -2*q**3 + 14*q**2 + 65*q + 159. What is b(-6)?
705
Let x(f) = 8733036*f - 52398212. Calculate x(6).
4
Let o(w) = -94*w**2 - 6202*w + 131. Give o(-66).
-1
Let x(a) = 14*a**2 + 1049*a + 5754. What is x(-69)?
27
Let d(m) = -2*m**2 + 258*m - 3669. Determine d(13).
-653
Let f(g) = -g**3 + 10*g**2 - 463*g + 7957. Calculate f(15).
-113
Let d(z) = -z**2 + 75*z + 217. What is d(0)?
217
Let i(c) = -7319*c - 7414. Calculate i(-1).
-95
Let n(r) = -59*r**2 - 24*r - 9. Give n(-4).
-857
Let k(z) = 3*z**3 - 567*z**2 - 16053*z + 639. What is k(214)?
-3
Let g(n) = -483*n**2 - 3997*n - 1070. Calculate g(-8).
-6
Let w(v) = 3*v**2 - 1534*v - 33540. Give w(-21).
-3
Let b(z) = 13184*z - 39927. What is b(3)?
-375
Let z(b) = -714*b**3 - 57*b**2 - 8. Give z(0).
-8
Let u(s) = 2*s**3 - 444*s**2 + 1353*s - 54. Give u(3).
63
Let p(g) = -77*g**3 - 9319*g**2 - 238*g - 232. Calculate p(-121).
-716
Let z(h) = 157679*h - 1103719. Give z(7).
34
Let u(c) = -544*c + 43492. Determine u(80).
-28
Let a(g) = 7136*g + 813450. Determine a(-114).
-54
Let o(t) = -13394*t - 2009037. Give o(-150).
63
Let x(m) = -1281497*m + 10251970. Calculate x(8).
-6
Let o(k) = -279874*k - 6716981. Determine o(-24).
-5
Let a(r) = 6*r**3 + 73*r**2 - 159*r - 519. Give a(-13).
703
Let a(u) = -423*u - 10772. Give a(-25).
-197
Let v(b) = -7*b**2 + 326*b - 3783. Determine v(24).
9
Let m(v) = -3513*v + 24996. Determine m(7).
405
Let p(o) = -o**2 - 194*o - 9347. Calculate p(-103).
26
Let p(g) = 15*g**2 + 398*g + 1648. What is p(-20)?
-312
Let b(p) = p**2 - 79669*p + 11769121. Give b(148).
13
Let v(k) = 58*k**2 + 2228*k - 134194. Determine v(-71).
-4
Let t(v) = -2*v**3 - 36*v**2 + 4*v - 1516. What is t(-20)?
4
Let p(l) = -68570*l - 3017084. Calculate p(-44).
-4
Let g(t) = t**3 - 72*t**2 - 26958*t - 3936. Give g(-132).
24
Let r(c) = 2*c**3 + 33*c**2 + 78*c + 492. Calculate r(-16).
-500
Let s(h) = -4*h**2 + 15922*h - 5517798. Determine s(3597).
0
Let b(h) = h**2 - 79*h - 1. Give b(78).
-79
Let h(c) = -c**2 - 32557*c + 358244. Determine h(11).
-4
Let a(n) = -154*n + 380. Calculate a(6).
-544
Let b(r) = -r**2 - 289*r - 20621. Give b(-128).
-13
Let j(s) = s**2 + 6062*s + 235167. What is j(-39)?
270
Let f(a) = -a**3 + 53*a**2 - 453*a + 39673. What is f(57)?
856
Let g(r) = -35*r**2 + 5048*r + 3904. What is g(145)?
-11
Let z(o) = o**3 + 44*o**2 - 31*o + 520. Determine z(-46).
-2286
Let j(p) = 1094*p - 166280. Calculate j(152).
8
Let y(v) = 8045*v + 2204329. What is y(-274)?
-1
Let y(i) = -i**2 - 43*i + 300. Give 